-2111
11075 (base 8) to base 7
16420
Convert -2797 (base 12) to base 10.
-4579
What is 207b (base 16) in base 5?
231230
Convert 50 (base 12) to base 3.
2020
-101111000111011 (base 2) to base 12
-11b63
Convert 35502 (base 7) to base 6.
110233
What is 332100 (base 5) in base 4?
2310011
What is -357 (base 13) in base 14?
-2d5
Convert -1303 (base 5) to base 13.
-128
What is 1000101000 (base 2) in base 8?
1050
What is -662 (base 7) in base 13?
-200
Convert 2cc (base 13) to base 5.
4011
Convert -1101001000 (base 2) to base 3.
-1011010
Convert -213 (base 10) to base 13.
-135
What is -299 (base 11) in base 6?
-1342
What is 8c60 (base 13) in base 8?
46342
-14371 (base 9) to base 12
-57b4
What is 2453 (base 6) in base 12?
429
Convert -202112001 (base 3) to base 8.
-35157
1000000 (base 3) to base 12
509
What is 10010100000110 (base 2) in base 10?
9478
Convert 20101212 (base 3) to base 12.
284b
Convert 1002010 (base 3) to base 5.
11121
Convert -20235 (base 6) to base 4.
-221333
What is -121022 (base 4) in base 14?
-830
-390 (base 12) to base 4
-20130
What is -5047 (base 8) in base 14?
-d39
Convert -176a (base 11) to base 10.
-2254
Convert 169 (base 12) to base 16.
e1
Convert 101000111 (base 2) to base 9.
403
What is 13532 (base 6) in base 13?
c8c
-2667 (base 12) to base 8
-10457
b9c (base 14) to base 4
203312
What is -100111011001 (base 2) in base 14?
-cc1
-53 (base 13) to base 5
-233
What is 111001001 (base 2) in base 7?
1222
What is -2c82 (base 13) in base 7?
-25014
a3 (base 12) to base 11
102
What is -11122221 (base 3) in base 7?
-12625
Convert 111365 (base 8) to base 13.
1417c
What is 5767 (base 8) in base 10?
3063
Convert 3203 (base 11) to base 16.
108e
What is -3 (base 5) in base 13?
-3
5445 (base 7) to base 4
132120
What is -533 (base 8) in base 3?
-110212
20232 (base 6) to base 5
41214
What is 18e (base 16) in base 11?
332
-4583 (base 11) to base 3
-22020222
35137 (base 10) to base 6
430401
Convert -334 (base 5) to base 14.
-6a
Convert -1882 (base 12) to base 9.
-4068
8550 (base 12) to base 5
431404
What is 604b (base 15) in base 4?
10331201
What is 28a3 (base 15) in base 16?
21ff
What is 6822 (base 9) in base 10?
5042
What is 1101100000 (base 2) in base 4?
31200
Convert -1001101001000 (base 2) to base 4.
-1031020
Convert -22114 (base 5) to base 7.
-4321
-215 (base 10) to base 16
-d7
107 (base 13) to base 5
1201
What is -2010220121 (base 3) in base 16?
-a4e9
What is -1251 (base 9) in base 14?
-4ad
-31d9 (base 16) to base 14
-4917
-4042 (base 5) to base 12
-376
What is -2771 (base 8) in base 15?
-6be
Convert 165 (base 14) to base 5.
2120
1001011101 (base 2) to base 16
25d
Convert 1a6 (base 12) to base 8.
416
-1044014 (base 5) to base 7
-105220
-36128 (base 12) to base 3
-10200210112
Convert 9045 (base 11) to base 13.
5623
Convert 11527 (base 8) to base 5.
124301
-10001110110 (base 2) to base 6
-5142
500423 (base 6) to base 12
1a713
-471a (base 13) to base 4
-2130022
286 (base 10) to base 15
141
What is -632 (base 9) in base 11?
-429
What is 5180 (base 10) in base 12?
2bb8
What is -864 (base 10) in base 6?
-4000
What is 892 (base 10) in base 16?
37c
Convert -52a3 (base 14) to base 11.
-a78a
215 (base 11) to base 9
316
What is -1000001101010 (base 2) in base 13?
-1bb3
-697 (base 16) to base 5
-23222
What is -7006 (base 9) in base 4?
-1033311
-457 (base 11) to base 9
-666
What is 361 (base 9) in base 16?
12a
Convert 10792 (base 10) to base 4.
2220220
What is -935a (base 11) in base 7?
-51113
Convert a7 (base 13) to base 14.
9b
Convert 1c5e (base 15) to base 9.
8408
-23145 (base 7) to base 3
-22010000
Convert -1333 (base 4) to base 9.
-151
Convert 2442 (base 6) to base 10.
602
What is 100111111110110 (base 2) in base 4?
10333312
421124 (base 6) to base 16
84ac
What is 20667 (base 11) in base 12?
154a9
Convert -13053 (base 6) to base 7.
-5523
What is 3312020 (base 4) in base 11?
10920
What is -2570 (base 9) in base 15?
-886
What is -1470 (base 13) in base 2?
-101110010100
What is 1110101001010 (base 2) in base 11?
56a7
What is 11d8 (base 15) in base 13?
1967
-2201220 (base 3) to base 4
-133023
-1131 (base 7) to base 5
-3124
-23a06 (base 11) to base 8
-103273
Convert 125454 (base 6) to base 2.
10110101101010
-11111011 (base 3) to base 15
-e81
Convert 2011021 (base 3) to base 2.
11000100101
111010001010 (base 2) to base 7
13565
-11573 (base 8) to base 6
-35031
What is -23102 (base 8) in base 3?
-111102202
Convert 2d4a (base 14) to base 2.
1111110100110
-515 (base 10) to base 13
-308
What is 425 (base 14) in base 4?
30301
What is -3027 (base 9) in base 6?
-14124
Convert -306 (base 12) to base 7.
-1164
What is -4212 (base 5) in base 12?
-3a5
Convert -9843 (base 10) to base 2.
-10011001110011
What is -6600 (base 7) in base 4?
-210300
Convert -126 (base 7) to base 14.
-4d
274 (base 15) to base 14
2bd
43230 (base 6) to base 13
2907
What is 14c (base 16) in base 9?
408
What is 2865 (base 10) in base 15?
cb0
What is -27a (base 15) in base 3?
-202221
Convert -6420 (base 8) to base 3.
-11120212
-15422 (base 6) to base 12
-1572
-45d (base 16) to base 9
-1471
What is -4146 (base 8) in base 16?
-866
What is -420 (base 11) in base 10?
-506
Convert 24f (base 16) to base 8.
1117
What is 2120313 (base 4) in base 11?
7394
What is 46154 (base 7) in base 3?
121010012
What is 1121112 (base 3) in base 16?
497
-201102 (base 3) to base 5
-4044
27da (base 16) to base 7
41513
16055 (base 7) to base 10
4499
Convert c643 (base 13) to base 12.
13a61
ab05 (base 13) to base 8
56432
Convert 636 (base 9) to base 7.
1341
-4b0e (base 15) to base 11
-11016
What is 570 (base 16) in base 10?
1392
-6031 (base 7) to base 13
-c40
Convert 2012012 (base 3) to base 6.
11222
What is -148 (base 11) in base 9?
-212
3011 (base 5) to base 7
1053
What is -6015 (base 9) in base 7?
-15536
-4157 (base 14) to base 5
-324444
What is 30122 (base 4) in base 7?
2213
What is a376 (base 11) in base 8?
32674
Convert -1486 (base 9) to base 4.
-101223
Convert -1920 (base 13) to base 2.
-111010100000
2032 (base 6) to base 10
452
733 (base 11) to base 7
2401
What is 85b (base 13) in base 14?
740
Convert -18739 (base 12) to base 7.
-205554
-1185b (base 15) to base 9
-84585
232 (base 9) to base 7
362
-3130 (base 6) to base 14
-382
What is 41c (base 16) in base 13?
62c
-5655 (base 12) to base 2
-10010101100001
What is -123012 (base 5) in base 8?
-11225
Convert 22140 (base 5) to base 16.
609
6144 (base 7) to base 11
1675
Convert aa86 (base 14) to base 3.
1111111021
-8510 (base 9) to base 3
-22120100
Convert -4b7b (base 13) to base 12.
-6279
Convert 6231 (base 7) to base 11.
1700
331 (base 5) to base 11
83
Convert 1001100110 (base 2) to base 15.
2ae
Convert 801 (base 10) to base 9.
1080
-25222 (base 8) to base 3
-112221122
5303 (base 13) to base 11
8700
1000111111100 (base 2) to base 10
4604
-500 (base 13) to base 15
-3b5
What is 10332110 (base 4) in base 3?
1000221112
Convert 233001 (base 5) to base 6.
103205
What is 4599 (base 10) in base 6?
33143
-10100110100 (base 2) to base 11
-1001
Convert -34210 (base 8) to base 15.
-444c
What is -12313 (base 5) in base 3?
-1022111
-3112 (base 4) to base 5
-1324
5381 (base 12) to base 9
13517
What is -27ae (base 16) in base 8?
-23656
897 (base 11) to base 13
648
Convert -52203 (base 9) to base 16.
-867c
What is -6a84 (base 12) in base 10?
-11908
-2735 (base 10) to base 16
-aaf
What is 729 (base 14) in base 5?
21114
What is -3c87 (base 13) in base 14?
-3278
28328 (base 9) to base 10
19223
Convert -31133133 (base 4) to base 16.
-d7df
Convert -1342 (base 10) to base 6.
-10114
Convert 3905 (base 10) to base 3.
12100122
-6221 (base 9) to base 16
-11cb
-6c (base 15) to base 5
-402
Convert -11322311 (base 4) to base 11.
-17241
What is 102011121 (base 3) in base 16?
1fcf
Convert -335 (base 13) to base 8.
-1047
What is -13271 (base 8) in base 13?
-2856
205231 (base 6) to base 7
66520
Convert -5155 (base 9) to base 14.
-153a
What is -2032 (base 13) in base 12?
-2697
-740 (base 15) to base 2
-11001100011
Convert 30092 (base 10) to base 6.
351152
-3fd (base 16) to base 14
-52d
What is 1010001100011 (base 2) in base 8?
12143
Convert -38549 (base 11) to base 4.
-31132331
-201202 (base 3) to base 5
-4113
Convert 121212 (base 4) to base 10.
1638
What is 1011 (base 8) in base 14?
293
What is -1